k) = 3*k**2 + 6*k + 12. Let t be 2 - 0 - 3/(-3). Let x(q) = t*n(q) - 4*u(q). What is x(z)?
-8
Let f(a) = -18*a - 391. Let u be f(-21). Let j(g) = g**3 + 12*g**2 - 13*g - 13. Give j(u).
-13
Let h(f) = 7*f - 15. Let m(i) = -3*i + 7. Let b(y) = -2*h(y) - 5*m(y). Give b(-8).
-13
Let x(n) = 4*n**2 + 10*n - 4. Let l(z) = 6*z + 2*z**2 - z**2 + 4*z - 9*z. Let f(b) = 6*l(b) - x(b). Let i = -4 - -7. Calculate f(i).
10
Let w = 53 + -49. Suppose -40 + w = 12*i. Let z(l) be the second derivative of -l**5/20 - l**4/4 + l**3/6 + l**2 + l. Determine z(i).
-1
Let s = -3 + -2. Suppose 6*y = 3*y. Let q(p) = -1 + p**2 + 0*p - 4 + y*p**2 + 3*p. Determine q(s).
5
Let h(p) = -p**2 - 8*p + 4. Let u(d) = 2*d**2 + 17*d - 8. Let v(l) = 13*h(l) + 6*u(l). Suppose 5*t - 80 = 50. Let y = t + -30. Determine v(y).
-4
Let g(k) be the third derivative of 1/6*k**3 + 2*k**2 + 0 + 0*k + 1/24*k**4. Determine g(7).
8
Let f(s) = -156*s + 6*s**3 - 4*s**2 - 4*s**3 + 158*s. Give f(2).
4
Let n(o) = o + 4 - 14 + 0*o + 2 + 5. Give n(1).
-2
Let s = 190 - 187. Let x(d) be the second derivative of -4*d**2 + 0 + 4*d + 1/6*d**s. Calculate x(4).
-4
Let c(n) = 2*n**2 + 4*n - 1. Let h(q) = -q**2 - 6*q - 1. Let z be h(-1). Let w(m) = -3*m**2 - 5*m + 1. Let s(l) = z*w(l) + 5*c(l). Give s(-1).
-3
Let f(l) be the third derivative of -l**6/240 - l**5/120 - 7*l**4/24 + 7*l**2. Let v(w) be the second derivative of f(w). Suppose m - 1 = 2*m. Determine v(m).
2
Let q = -11 - -4. Let c = 13 + q. Let h(t) = c*t - 1 - 3*t - 4*t + 3*t. Give h(5).
9
Let l = -3 + -2. Let b(p) be the third derivative of -p**4/24 + p**3/2 - 3*p**2 + 37. Calculate b(l).
8
Let z(n) = -869 + 2*n**2 + 845 - 3*n**2 - 20*n. Calculate z(-19).
-5
Let f(u) = 94*u + 1 - 34*u - 33*u - 28*u. Suppose -4*a + 30 = -9*a. Determine f(a).
7
Suppose 20 = 3*s + s. Suppose -4*z = 4*k, -3*k - 5 = s*z + 1. Let p(q) = 7*q**2 - 3 - q**3 + 0*q**2 - 4*q**2. Give p(k).
-3
Let w(z) = -30*z + 60. Let u be w(2). Let h(k) = 7*k - 2. Calculate h(u).
-2
Let s(o) be the third derivative of -o**6/120 - o**5/20 + 5*o**4/24 + o**3/2 - 8*o**2 - 2. Give s(-4).
-1
Suppose -4*k - b - 19 = k, -3*b - 27 = 5*k. Let q(z) = 9*z - 4. Give q(k).
-31
Let g = 302 + -197. Let d = 110 - g. Let z(x) = x**2 - 3*x - 3. Calculate z(d).
7
Let p(s) be the first derivative of -s**6/360 + s**5/30 + s**4/24 + 31*s**3/3 - 5. Let n(l) be the third derivative of p(l). What is n(3)?
4
Let x(d) = 5*d**2 - 4*d - 6. Let y(c) = -c**2. Let l(v) = -v**2 + 11*v - 14. Let s be l(9). Let m(k) = s*y(k) + x(k). What is m(6)?
6
Let m(p) be the second derivative of -p**5/3 - 9*p**2 - 10*p. Let r(k) be the first derivative of m(k). Calculate r(-1).
-20
Let m = -266 - -278. Let b(s) = 2*s - 26. Determine b(m).
-2
Let j(b) = 3*b - 6. Suppose 47*k = -46*k + 95*k. Calculate j(k).
-6
Suppose -8 = -3*t + t. Let v(d) = -558*d + 4 - 3 + 1 + 561*d. What is v(t)?
14
Let w(g) = -8*g**3 + 20*g**2 + 4*g - 1. Let v(x) = -3*x**3 + 10*x**2 + 2*x. Let i(y) = -5*v(y) + 2*w(y). What is i(-10)?
18
Let j(u) = -1 + 6*u**2 + 2*u + u**3 + 0 + 6. Give j(-6).
-7
Let h(a) be the third derivative of a**5/60 + a**4/2 + 19*a**3/6 - 2*a**2 - 178. Calculate h(-10).
-1
Let a(m) = m**2 - m - 4. Let z be (-2 + 0 - -13) + 1. Suppose 0*h + z = -4*h. Determine a(h).
8
Let x(q) = -q**2 - 3 + 3*q + 4 + 8867*q**3 + 0 - 8869*q**3. What is x(-3)?
37
Let x(k) = k**3 + 15*k**2 + 15*k + 4. Let q(f) = -13*f**2 + 21*f + 20. Let z be q(-1). Determine x(z).
-10
Let p(z) = -11*z + 22. Let g(s) = 4*s - 7. Let a(t) = -8*g(t) - 3*p(t). Determine a(-8).
-18
Suppose -5*f + 4*b + 35 + 24 = 0, b + 45 = 4*f. Let k(u) = u**3 - 11*u**2 + 2*u + 7. What is k(f)?
29
Let i(w) = 0*w**2 + w**2 + 12*w - 49 + 143 - 76. Calculate i(-9).
-9
Let w = -75 + 83. Let a be (-9)/(-6)*w/(-6). Let d(q) = q**2 + 3*q - 2. Give d(a).
-4
Let t(l) = l**3 + l**2 + 7*l + 2. Let w(n) be the second derivative of -n**5/20 - 7*n**3/6 - n**2/2 - 24*n. Let j(x) = -5*t(x) - 6*w(x). What is j(4)?
8
Let b(u) be the second derivative of 11*u**3/6 + 51*u**2/2 + 71*u. Calculate b(-5).
-4
Suppose 5*p + 4 = -1, -2*n - 3*p + 1 = 0. Let g be (-8)/(-20) - n/5. Suppose g*q + 16 = 4*q. Let m(s) = s**3 - 4*s**2 - s + 5. Give m(q).
1
Let r(t) = -t - 3. Let q = 40 - 35. Calculate r(q).
-8
Let u(k) = -k**3 - 4*k**2 + k + 3. Let p be 8/4*(1 + 0). Let a(b) = -6*b + 11*b**3 - 10*b**3 - 7*b**2 - 2*b**3 - p*b**2 + 13. Let z be a(-8). Determine u(z).
-9
Suppose 2*m + 1 = 5. Let t(d) = 5*d + m - d**2 + 0*d - 1 - 2. Calculate t(5).
-1
Let p(r) = -r**2 - r + 5. Let z be (45/(-25))/((-3)/10). Let x be (z/(-4))/((-2)/(-48)). Let c be 24/x*(5 - -1). What is p(c)?
-7
Let s be (-54)/(-11) - 52/(-572). Let a(u) = -u - 7. Determine a(s).
-12
Let u(s) = 3*s - 7. Let v(d) = -11. Let l(c) = -13. Let a(q) = -5*l(q) + 6*v(q). Let w be (4/(-12))/((-2)/(-6)). Let n(y) = w*u(y) + 4*a(y). What is n(3)?
-6
Let r(c) = 48 - 49 - 4*c - 2*c**2 - c**3 + 7*c**2. What is r(3)?
5
Let f(u) = -2*u + 74. Let n(m) = 3*m - 102. Let t(l) = 11*f(l) + 8*n(l). Let h = 2 - 2. Suppose h = 2*v - 7 - 3. Calculate t(v).
8
Suppose 0*o = o - 7. Let f(k) be the first derivative of -k**2/2 + 2*k + 361. Determine f(o).
-5
Let k(m) = -m**3 - 7*m**2 - 2*m - 8. Let w be k(-7). Let s(i) be the second derivative of i**3/3 - i**2/2 + 471*i. Determine s(w).
11
Let f(v) = v**3 - 11*v**2 - 13*v - 5. Let a(q) = -q**3 + 12*q**2 + 14*q + 6. Let h(n) = 4*a(n) + 5*f(n). Let w be (0/(-2) - -3)/((-108)/(-288)). Determine h(w).
-9
Let j(d) be the first derivative of -d**3/3 + 5*d**2/2 + 7*d + 1. Let k(h) = -9*h - 192. Let t be k(-22). Give j(t).
1
Let i(v) = -35*v + 57. Let m(c) = 17*c - 28. Let l(q) = -3*i(q) - 7*m(q). Let j(o) = -5*o + 9. Let n(d) = -11*j(d) + 4*l(d). Give n(7).
-6
Let v(o) = 7*o - 120. Let l be v(18). Let s(j) = -j**2 + 6*j - 8. Calculate s(l).
-8
Let c(z) = -11*z + 6*z + 5 + 6*z. Suppose 0 = 9*n - 7*n + 10. What is c(n)?
0
Let y(k) be the second derivative of k**7/840 + k**6/72 - k**5/40 - k**4/4 + 2*k**3 + 9*k. Let d(a) be the second derivative of y(a). Determine d(-4).
22
Let w(z) be the first derivative of -3 + 7 + z + z**2 - 6 + 7. What is w(-1)?
-1
Let b(o) = -14*o**3 + 9*o**2 + 11*o + 2. Let n(z) = -17*z**3 + 9*z**2 + 13*z + 1. Let j(a) = 6*b(a) - 5*n(a). Calculate j(-9).
-2
Let o(g) = -56*g - 15. Let i be o(-3). Let z(v) = 4*v - v**2 - 154 + i + 0*v. Give z(3).
2
Let o(i) be the third derivative of -i**6/60 + i**3/6 - 6*i**2. Suppose h = -k + 4 - 0, k + 14 = 5*h. Give o(k).
-1
Let s(x) = 10*x**3 - x - 6 + x**2 + 6 + 3 - 4. Give s(-1).
-9
Let t be (-4)/12 - (-92)/240. Let k(z) be the second derivative of t*z**5 + 5*z + 0 - 1/2*z**2 + 2/3*z**3 + 5/12*z**4. What is k(-4)?
-1
Suppose 3*o = 5*v - 16, 17 + 8 = 5*o + 2*v. Let d(a) = 4 + 0 - 27*a**3 + 2*a - 4*a**2 + 26*a**o. Calculate d(-4).
-4
Let n(u) be the second derivative of u**5/20 - u**4/3 + u**3/6 + 2*u**2 + 141*u. Calculate n(4).
8
Let s(k) = -k**2 - 2*k + 1. Let g(p) = -1. Let u(x) = 6*g(x) - s(x). Suppose 0 = -d - 12 + 7. Determine u(d).
8
Let v(w) = 2*w - 21. Let u be v(12). Let t(f) = -1 - 3*f + u*f - 5*f. Calculate t(-1).
4
Let a(c) = -8 + 5 + 3*c + 6*c**2 + 3. What is a(-2)?
18
Suppose -4*a + 13 = 9. Let r(f) = -f**3 + a + 12*f + 5*f**3 - 10*f. What is r(-1)?
-5
Let z(n) = -n**2 - 2*n + 3. Let y(s) = s**3 + s**2 - 5*s + 6. Let x be y(-3). Let r(t) = -t**2 - 2*t + 2. Let g(i) = x*r(i) - 4*z(i). Calculate g(-5).
9
Let l be (12/15)/((-8)/(-60)). Let i(u) be the second derivative of -u**3/6 + u**2 + 2*u. What is i(l)?
-4
Suppose 4*g = 12*g - 16. Let y(f) = 3*f**2 + 2*f**2 - 8 + 5*f - 4*f**g. Determine y(-7).
6
Let o(f) = f**2 - 5*f + 13*f - 765 + 761. Give o(-4).
-20
Let v(r) = -r**2 + 6*r + 4. Let o(i) = 2*i**2 + 9*i - 25. Let p be o(-9). Let t be (3 + 0)/(24/p). Give v(t).
-3
Let z = -22 - -15. Let o(n) = 11*n - 11. Let y(p) = -12*p + 12. Let f(c) = z*o(c) - 6*y(c). Let k(j) = j - 1. Let a(h) = f(h) + 6*k(h). What is a(-7)?
-8
Let c = -335 - -330. Let s(o) = o + 4. Give s(c).
-1
Let c(s) = 2*s**2 - s**3 - 2 + 5*s**2 - s**2 - 8*s**2 + 3*s**2. Determine c(0).
-2
Let n(i) = -i**2 - 14*i + 1. Let l(p) = p**2 + 12*p - 3. Let a(h) = -3*l(h) - 2*n(h). Determine a(-12).
-41
Suppose 2 - 4 = v. Let p be (-10 - (-1 + 0))*1. Let o be p/(-1 + v) + -9. Let z(m) = m**3 + 6*m**2 - m - 3. Give z(o).
3
Let u(t) = -t